27
List the prime factors of 728.
2, 7, 13
List the prime factors of 5342.
2, 2671
What are the prime factors of 465?
3, 5, 31
What are the prime factors of 7897?
53, 149
List the prime factors of 2544.
2, 3, 53
What are the prime factors of 99413?
89, 1117
What are the prime factors of 1767?
3, 19, 31
List the prime factors of 56.
2, 7
What are the prime factors of 28687?
28687
List the prime factors of 4343.
43, 101
List the prime factors of 48933.
3, 5437
What are the prime factors of 738?
2, 3, 41
What are the prime factors of 999?
3, 37
What are the prime factors of 45546?
2, 3, 7591
What are the prime factors of 67306?
2, 73, 461
What are the prime factors of 4947?
3, 17, 97
What are the prime factors of 3857?
7, 19, 29
What are the prime factors of 22843?
53, 431
List the prime factors of 1033.
1033
List the prime factors of 1040.
2, 5, 13
List the prime factors of 12096.
2, 3, 7
What are the prime factors of 67353?
3, 11, 13, 157
List the prime factors of 36999.
3, 4111
What are the prime factors of 12791?
12791
What are the prime factors of 17284?
2, 29, 149
What are the prime factors of 8644?
2, 2161
List the prime factors of 22232.
2, 7, 397
List the prime factors of 732.
2, 3, 61
What are the prime factors of 6492?
2, 3, 541
What are the prime factors of 41?
41
List the prime factors of 14064.
2, 3, 293
List the prime factors of 41729.
41729
What are the prime factors of 1624?
2, 7, 29
List the prime factors of 1695.
3, 5, 113
List the prime factors of 102439.
89, 1151
What are the prime factors of 1533?
3, 7, 73
List the prime factors of 3767.
3767
List the prime factors of 2248.
2, 281
What are the prime factors of 70580?
2, 5, 3529
List the prime factors of 9655.
5, 1931
What are the prime factors of 59091?
3, 19697
List the prime factors of 69699.
3, 7, 3319
List the prime factors of 11246.
2, 5623
What are the prime factors of 75818?
2, 167, 227
List the prime factors of 474.
2, 3, 79
What are the prime factors of 12100?
2, 5, 11
What are the prime factors of 30877?
7, 11, 401
List the prime factors of 1063.
1063
List the prime factors of 3936.
2, 3, 41
List the prime factors of 1778.
2, 7, 127
List the prime factors of 579.
3, 193
List the prime factors of 2075.
5, 83
What are the prime factors of 2641?
19, 139
List the prime factors of 4715.
5, 23, 41
List the prime factors of 1190.
2, 5, 7, 17
What are the prime factors of 11910?
2, 3, 5, 397
What are the prime factors of 71334?
2, 3, 1321
What are the prime factors of 15053?
15053
List the prime factors of 732.
2, 3, 61
List the prime factors of 390.
2, 3, 5, 13
What are the prime factors of 213?
3, 71
What are the prime factors of 3153?
3, 1051
What are the prime factors of 1716?
2, 3, 11, 13
List the prime factors of 11118.
2, 3, 17, 109
What are the prime factors of 12334?
2, 7, 881
List the prime factors of 8889.
3, 2963
What are the prime factors of 954?
2, 3, 53
What are the prime factors of 1314?
2, 3, 73
What are the prime factors of 121414?
2, 17, 3571
What are the prime factors of 3570?
2, 3, 5, 7, 17
What are the prime factors of 401?
401
What are the prime factors of 124531?
11, 11321
List the prime factors of 32335.
5, 29, 223
What are the prime factors of 3336?
2, 3, 139
What are the prime factors of 34280?
2, 5, 857
List the prime factors of 16995.
3, 5, 11, 103
What are the prime factors of 13361?
31, 431
What are the prime factors of 525?
3, 5, 7
What are the prime factors of 66625?
5, 13, 41
What are the prime factors of 509?
509
List the prime factors of 22893.
3, 13, 587
What are the prime factors of 148?
2, 37
List the prime factors of 819.
3, 7, 13
List the prime factors of 104426.
2, 7, 7459
What are the prime factors of 1176?
2, 3, 7
What are the prime factors of 3426?
2, 3, 571
List the prime factors of 5938.
2, 2969
What are the prime factors of 128?
2
What are the prime factors of 44310?
2, 3, 5, 7, 211
What are the prime factors of 32070?
2, 3, 5, 1069
What are the prime factors of 1558?
2, 19, 41
List the prime factors of 14264.
2, 1783
What are the prime factors of 4467?
3, 1489
What are the prime factors of 493?
17, 29
What are the prime factors of 2622?
2, 3, 19, 23
List the prime factors of 2378.
2, 29, 41
What are the prime factors of 58948?
2, 14737
What are the prime factors of 6659?
6659
List the prime factors of 82554.
2, 3, 13759
List the prime factors of 588.
2, 3, 7
What are the prime factors of 1914?
2, 3, 11, 29
What are the prime factors of 107963?
107, 1009
What are the prime factors of 55114?
2, 17, 1621
List the prime factors of 8925.
3, 5, 7, 17
What are the prime factors of 20888?
2, 7, 373
What are the prime factors of 8597?
8597
List the prime factors of 114321.
3, 53, 719
List the prime factors of 18980.
2, 5, 13, 73
List the prime factors of 28407.
3, 17, 557
What are the prime factors of 33523?
7, 4789
List the prime factors of 6983.
6983
What are the prime factors of 2947?
7, 421
What are the prime factors of 169618?
2, 84809
What are the prime factors of 307?
307
What are the prime factors of 2282?
2, 7, 163
What are the prime factors of 2281?
2281
List the prime factors of 2537.
43, 59
List the prime factors of 102146.
2, 11, 4643
List the prime factors of 6579.
3, 17, 43
List the prime factors of 8110.
2, 5, 811
List the prime factors of 1709.
1709
List the prime factors of 1117.
1117
What are the prime factors of 72023?
7, 10289
What are the prime factors of 2699?
2699
What are the prime factors of 1256?
2, 157
What are the prime factors of 2353?
13, 181
What are the prime factors of 1433?
1433
What are the prime factors of 21693?
3, 7, 1033
What are the prime factors of 4789?
4789
What are the prime factors of 96793?
43, 2251
List the prime factors of 2876.
2, 719
List the prime factors of 25034.
2, 12517
List the prime factors of 11247.
3, 23, 163
List the prime factors of 54.
2, 3
List the prime factors of 58112.
2, 227
What are the prime factors of 1386?
2, 3, 7, 11
List the prime factors of 5589.
3, 23
What are the prime factors of 420?
2, 3, 5, 7
List the prime factors of 1096.
2, 137
List the prime factors of 2692.
2, 673
What are the prime factors of 4460?
2, 5, 223
What are the prime factors of 3083?
3083
What are the prime factors of 872?
2, 109
List the prime factors of 41837.
17, 23, 107
What are the prime factors of 2438?
2, 23, 53
List the prime factors of 2371.
2371
What are the prime factors of 109579?
109579
What are the prime factors of 119337?
3, 39779
What are the prime factors of 9229?
11, 839
List the prime factors of 19368.
2, 3, 269
What are the prime factors of 63691?
63691
List the prime factors of 2449.
31, 79
What are the prime factors of 2506?
2, 7, 179
List the prime factors of 665.
5, 7, 19
List the prime factors of 10197.
3, 11, 103
What are the prime factors of 13558?
2, 6779
What are the prime factors of 56697?
3, 18899
What are the prime factors of 16742?
2, 11, 761
List the prime factors of 1074.
2, 3, 179
What are the prime factors of 2317?
7, 331
What are the prime factors of 290?
2, 5, 29
What are the prime factors of 2227?
17, 131
What are the prime factors of 1731?
3, 577
What are the prime factors of 2361?
3, 787
List the prime factors of 743.
743
List the prime factors of 431.
431
What are the prime factors of 42163?
11, 3833
List the prime factors of 309.
3, 103
What are the prime factors of 2903?
2903
List the prime factors of 9252.
2, 3, 257
List the prime factors of 1085.
5, 7, 31
What are the prime factors of 9710?
2, 5, 971
List the prime factors of 7885.
5, 19, 83
List the prime factors of 7530.
2, 3, 5, 251
List the prime factors of 2193.
3, 17, 43
List the prime factors of 756.
2, 3, 7
What are the prime factors of 61831?
7, 11, 73
What are the prime factors of 742?
2, 7, 53
What are the prime factors of 54690?
2, 3, 5, 1823
What are the prime factors of 5466?
2, 3, 911
List the prime factors of 7102.
2, 53, 67
List the prime factors of 11046.
2, 3, 7, 263
List the prime factors of 23272.
2, 2909
What are the prime factors of 9266?
2, 41, 113
What are the prime factors of 14471?
29, 499
What are the prime factors of 4078?
2, 2039
What are the prime factors of 3025?
5, 11
List the prime factors of 4189.
59, 71
List the prime factors of 5618.
2, 53
List the pri